
-4
Let j(n) = 3 + 11*n + 15*n**2 - 3*n**2 + 2. Let q(t) = -6*t**2 - 6*t - 3. Let g(l) = 4*j(l) + 7*q(l). Suppose -2 = -2*a - 0*a. Calculate g(a).
7
Let h(p) be the first derivative of -p**3/3 - 3*p**2/2 - 3*p + 3. Let d(c) = c**3 + 5*c**2 + 6*c + 3. Let b be d(-4). What is h(b)?
-13
Let q(h) = h**3 - 8*h**2 + 9*h - 10. Let a be q(7). Let m(f) = f**3 - 5*f**2 + f + 3. Calculate m(a).
-9
Let w(o) = -o**3 + 5*o**2 + 4*o + 4. Suppose 3*t + 54 = 6*t. Let r = t + -12. Determine w(r).
-8
Let h(w) = -w - 8. Let q(f) = -f**3 - 4*f**2 - 4*f - 3. Let n be q(-3). Calculate h(n).
-8
Let c(z) = 4*z + 2. Let r = -32 + 27. Calculate c(r).
-18
Suppose 2*s + 2 + 1 = 5*c, 0 = 5*c - 5*s - 15. Let r(p) = -6*p**2 + 1. Give r(c).
-5
Let r be (2/(-10)*3)/((-9)/90). Let v(d) = -d + 6. Determine v(r).
0
Let k(l) = -l**2 - 5*l - 1. Let o be (-20)/16 - (-4)/(-16)*3. Give k(o).
5
Let v = 7 - 4. Suppose -a = 2*c, -7 = -2*c - 2*a - v. Let u(d) = 2*d**2 + 6*d**3 - 2*d**3 - 2*d**3 + 1 - d. Determine u(c).
-5
Let t(i) be the first derivative of -i**5/60 + i**4/24 - i**3 - 3*i**2 + 1. Let q(f) be the second derivative of t(f). Calculate q(0).
-6
Let f(k) = 6*k - 3. Suppose 3*x + 5*x - 16 = 0. What is f(x)?
9
Let c(p) = -11*p**2 + p - 1. Let u = 71 - 135. Let a be 5*(-3 + u/(-20)). Give c(a).
-11
Let b(u) = -u**3 + 4*u**2 + 3*u + 4. Let o be b(5). Let h(r) = r**3 + 7*r**2 + 2*r - 4. Let n(g) = -g + 1. Let t(c) = -h(c) + 3*n(c). What is t(o)?
1
Let u(m) = 2*m. Let i(r) = 2*r - 1. Let b(s) = -3*i(s) + 4*u(s). Calculate b(4).
11
Suppose 0*a = a - 2. Let d(z) = 1 + a*z**3 + 0*z**3 - z - 2*z**2 - 1. Give d(2).
6
Let a(b) = 5*b**3 - 2*b**2. Let x(m) = 6*m**3 - 2*m**2. Let v(w) = 5*a(w) - 4*x(w). Give v(3).
9
Let w be ((-4)/6)/(-1)*9. Let l(x) be the third derivative of -x**5/60 + 7*x**4/24 - 14*x**2. What is l(w)?
6
Let l(w) = 3*w**3 - w - 1. Suppose -3*z + 4 = 4*f + f, -2*f - 5*z + 13 = 0. Calculate l(f).
-3
Let l(u) = -u**3 - 10*u**2 - 9*u + 3. Suppose -5*s - q - 35 = -3*q, -5*q = -2*s + 7. Determine l(s).
3
Let k(o) = -11*o**3 + 4*o**2 - 11*o + 8. Let j(x) = -4*x**3 + x**2 - 4*x + 3. Let f(m) = 8*j(m) - 3*k(m). Calculate f(4).
4
Let q(p) = -p**2 - 6*p + 17. Let h be q(-8). Let w(d) = -8*d - 1. What is w(h)?
-9
Let f(g) = -3*g**2 + 1. Let n(m) be the third derivative of -m**5/15 + m**3/6 - 2*m**2. Let s(t) = 7*f(t) - 5*n(t). Give s(3).
-7
Let n = 6 + -12. Let z(u) = -1. Let o(t) = t - 2. Let y(c) = n*z(c) + o(c). Determine y(-4).
0
Let u be 24/(-4)*4/24*3. Let o(v) be the third derivative of 1/60*v**5 + v**2 + 0 + 1/2*v**3 + 5/24*v**4 + 0*v. Give o(u).
-3
Let y be 2/3*(2 + 4). Let r(v) = v**2 - 5*v - 1. Let f be r(y). Let w(s) = -s**3 - 6*s**2 - 5*s + 7. Give w(f).
7
Let j(l) = 6*l - 3*l**2 + l**3 - 5 + 1 - 5*l**2 + 11. Determine j(7).
0
Let u(n) = 3*n**2 - 4*n + 1. Let g(v) = v**2. Let r(o) = -2*g(o) + u(o). Let t be 17/5 - (-18)/30. Suppose t*m - 12 = -0*m. What is r(m)?
-2
Let j(u) be the second derivative of u**4/12 - 5*u**3/6 - 3*u**2 - 29*u. What is j(5)?
-6
Let h(k) = 3*k**2 - 2*k + 1. Let d be -2*(12/8 + -2). Calculate h(d).
2
Let v(u) = -u - 5. Let q(t) = -t - 11. Let x be q(-13). Let m be -1*x*12/8. What is v(m)?
-2
Let y = -5 + 2. Let t be 20/24 + (-2)/(-12). Let h(o) = 1 - t - o**3 - 5*o**2 + 3 - 3*o. Calculate h(y).
-6
Let i = 27 - 28. Let y(n) = 4*n**3 - n**2 - n - 1. Determine y(i).
-5
Let r(s) = s**2 + s - 4. Let d(c) = -c + 14. Let o be d(13). Let j = -2 - o. Calculate r(j).
2
Let r(w) be the first derivative of w**4/2 - w**3/3 - 2*w - 31. Calculate r(-2).
-22
Let j(z) = -8 + 14 - 10 - z - 3*z. What is j(-3)?
8
Let v(u) = -2*u - 8. Let n(g) = 3*g + 2. Let z be n(-3). What is v(z)?
6
Suppose 4*t + 4 = 16. Let q(c) = -c**3 + 4*c**2 - c + 4. Let g be q(4). Let y(k) = 2*k - 1 + 2*k - 2*k**2 + g*k**2. Determine y(t).
-7
Let y(l) be the second derivative of l**3/6 - 4*l**2 + l. Suppose -3*q = -q - 10. Suppose -2*o = -o - q. Calculate y(o).
-3
Let g = -58 + 53. Let q(w) = -w**3 - 4*w**2 + 4*w - 5. Give q(g).
0
Let c(j) = j**3 + 3*j**2 + j. Suppose 3*l - 8*l - 10 = 0. Let i be c(l). Let z(b) = 3*b - 3. Calculate z(i).
3
Let h(t) = t - 6 - 3 + 3. What is h(7)?
1
Let z(a) = -3*a**2 + 14*a + 6. Let w(h) = 7*h**2 - 11*h - 8. Let u(s) = s**2 - s - 1. Let m(l) = 6*u(l) - w(l). Let n(i) = 7*m(i) - 2*z(i). What is n(6)?
8
Let r be -1 + ((-8)/4 - -4). Let a(n) = -5*n**2 + n. Determine a(r).
-4
Let v(h) = -h**2 - 10*h + 8. Let t(z) be the first derivative of -z**3/3 - 11*z**2/2 + 9*z - 5. Let r(k) = -4*t(k) + 5*v(k). Determine r(-6).
4
Let f = 191 + -192. Let j(d) be the second derivative of d**3/2 - d. What is j(f)?
-3
Let u(z) = z**3 - 6*z**2 + 2*z - 13. Let n be u(6). Let h(x) = -2*x**2 - 2*x - 1. What is h(n)?
-1
Let z(c) = c**2 - 1. Let s(l) be the third derivative of l**4/24 + 7*l**3/6 + 9*l**2. Let q be s(-5). Give z(q).
3
Let y(x) be the second derivative of 0*x**2 + 0 - 1/6*x**3 - x**4 + 3*x. Calculate y(-1).
-11
Let f(a) = a**2 + 4*a + 3. Let j = -5 + 1. Calculate f(j).
3
Let z be ((-3)/12)/(1/(-20)). Let q(g) = z*g + 2 - 4*g**2 + 3*g**2 + 2*g**2 + 0*g**2. Give q(-4).
-2
Let r(q) = -q. Let s = -12 - -17. Calculate r(s).
-5
Suppose 7*r = 3*r - 8. Let n(c) = -3*c**3 - c**2 + 3. Let p(v) = 4*v**3 + 2*v**2 + v - 4. Let o(m) = 3*n(m) + 2*p(m). Give o(r).
9
Let u(a) = 2*a + 8. Let k(n) = -n - 1. Let z(q) = 4*k(q) + u(q). Calculate z(5).
-6
Let d(v) = -3*v**3 - 7*v**2 - 3*v - 7. Let f(u) = -u**3 + 1 + u + u - 3*u - 3 - 2*u**2. Let h(i) = 2*d(i) - 7*f(i). Determine h(1).
2
Let a(i) = i**2 + 2*i - 6. Let o be ((-3)/2)/((-2)/(-8)). Give a(o).
18
Let q(t) be the third derivative of -t**4/24 - t**3/3 - 5*t**2. Determine q(-10).
8
Suppose -4*k - 1 - 5 = 2*c, -2*c - 2*k = 6. Let g = 7 + -4. Let i(u) = 1 + 2*u - u - g. Calculate i(c).
-5
Let a(f) = -1. Suppose 0 = 4*g - 0 - 4. Let y(v) = -v - 3. Let d(z) = g*y(z) - 6*a(z). Determine d(-4).
7
Suppose 0 = 4*l + 2 - 6. Let s = 1 - l. Let d(p) be the first derivative of -p**4/4 - 7*p - 1. What is d(s)?
-7
Let r(x) = -17*x. Let k be 1*(-3)/3 + 0 + 0. Determine r(k).
17
Let v(z) = z**3 - 3*z**2 - 2*z - 5. Suppose -2*x = 2*n - 4*n + 2, 3*x - 37 = -5*n. Let r be v(x). Let i(h) = -4 + h + 0*h + 0*h. Give i(r).
-1
Let c be (-33)/(-9) + (-1)/(-3). Let f(z) = 1 - z + 0 + 0 - 2*z. Calculate f(c).
-11
Suppose 11*d = 8*d. Let y(m) be the second derivative of 1/6*m**3 - 1/12*m**4 + 4*m + 0 + d*m**2. Determine y(-1).
-2
Let j be (-2)/(-8) + 100/(-16). Let q = j - -3. Let k(s) = 0*s - 3*s - 2 - 3*s**2 - s**3 - 2. Determine k(q).
5
Let t(b) = -126 + 0*b**2 - 7*b**2 - b**3 - 3*b + 123 + 3*b**2. Give t(-4).
9
Let n(j) = 4*j**3 - 9*j**2 - j + 3. Let u(d) = -7*d**3 + 17*d**2 + 2*d - 5. Let o(y) = 5*n(y) + 3*u(y). Give o(6).
6
Let x = 15 + -11. Let c(j) = -j**2 + j + 5. Determine c(x).
-7
Let o = 2 + 0. Let r(j) = j**2 - 3*j + 2. What is r(o)?
0
Let n(q) = -q + 3. Let a be (1/2)/((-4)/(-104)). Suppose 4*v = -5*k + 41, -2*k = 2*v - k - a. What is n(v)?
-1
Suppose -2*j = 7 + 3. Let z(h) = 2*h + 7. Calculate z(j).
-3
Let s(v) = -2*v**3 - 3*v**2 - 3*v - 1. Let n(j) be the second derivative of -j**3/6 + j. Let c be n(2). What is s(c)?
9
Let d(q) = -q**3 - 2*q**2 + 3*q - 1. Let z(p) = -p**3 - 7*p**2 - 4*p + 9. Let j be z(-6). Determine d(j).
-1
Let t(b) be the second derivative of b**4/12 - b**3 + 3*b**2/2 + 12*b. What is t(5)?
-2
Let x(r) = -r**3 - 7*r**2 - 6*r + 8. Let k(l) = -2*l - 6. Let c be k(-5). Suppose -a + 3*t = -20, -3*a + 36 = -c*t + 1. Let w be (4 + 1)*(-6)/a. Determine x(w).
8
Let n(a) = 2*a**3 + 6*a**3 - 7*a**3. Calculate n(1).
1
Let p(i) be the first derivative of i**2/2 + i + 3. Let b = -2 - -4. Let q = b + -3. Determine p(q).
0
Let l(u) = -u - 3. Let w be l(-6). Let c(a) = 5*a**3 + 5*a**w - 2*a**3. Suppose -4*t + 20 = -9*t - 5*j, -8 = -t + 3*j. Give c(t).
-8
Let t(j) = -j**2 + j - 4. Let g be (12/30)/((-1)/10). Let m be 0 + (g/1)/2. Let u be (0*m/(-4))/(-1). Give t(u).
-4
Let q(p) = 9*p**3 + p**2 - p. Let t(g) = g**3 + 3*g**2 - 3*g + 5. Suppose 0*y + 4 = -y. Let s be t(y). Calculate q(s).
9
Let l = 2 + 0. Let g(z) = 4*z**3 + 4*z**3 + 5 - 7*z**3 - 3 - 4*z**2 + 2*z. What is g(l)?
-2
Let s(x) = -6*x**2 + x. Suppose 0 = -4*y - 5 + 9. Determine s(y).
-5
Let b = -161/6 - -27. Let a(q) be the second derivative of b*q**3 + 0 + 2*q**2 - 3*q. What is a(-